site?
True
Let m = 84 - 80. Suppose m*h - 770 = 3146. Is h prime?
False
Let y(k) = 1133*k**2 - k - 1. Is y(3) a composite number?
False
Let s(a) be the second derivative of -3*a**5/5 - a**4/12 + a**3/3 + a. Suppose 65 = -15*h - 10. Is s(h) prime?
False
Suppose 3*x + x = 4*z - 144, 75 = 2*z - x. Suppose -2*v - z + 23 = 0. Is (2/(v/12) - 1594)*-1 a composite number?
False
Let g(q) = 2*q + 12. Let l be g(-6). Suppose l = 2*b + 6, b = 2*i - 4*b + 827. Let v = i + 828. Is v prime?
False
Suppose -54820 = -5*m + 5*i, -i + 8035 = 2*m - 13902. Suppose -10*n = -17283 - m. Let g = -1842 + n. Is g a composite number?
False
Let n(c) = 2*c**3 + 7*c**2 - c + 14. Let h(b) = b**3 + b - 1. Let o(w) = 3*h(w) - n(w). Let a be o(5). Let f = 258 + a. Is f a composite number?
False
Let i be (((-10)/(-6))/(-1))/((-2)/6). Let o be (30/(-9))/(i/1665). Let b = o - -2733. Is b a prime number?
False
Suppose 15713 = 6*t - 23503. Suppose 0 = 4*c, -5*g + 5*c + t - 1101 = 0. Is g prime?
True
Suppose -4961535 = -43*c - 42*c. Is c composite?
True
Let q(s) = 255*s + 31. Suppose -111 = -13*n - 33. Is q(n) prime?
False
Is ((-9)/(-15) + -1)/((-874)/136040285) a composite number?
True
Let q(s) = -620*s - 6 + 1258*s + 2*s**2 - 623*s. Let u be (4/6)/((-2)/(-39)). Is q(u) composite?
True
Let i = 226448 - -1546475. Is i a composite number?
False
Is (-35797)/(-2 + 1) - (106 + -100) prime?
False
Let h(t) = 4*t + 26. Let a be h(-23). Let f = a - -68. Suppose -4*u = -f*u - 1074. Is u composite?
True
Let s(t) = t**3 + 38*t**2 + 71*t - 229. Is s(28) a prime number?
True
Let j(s) = -139*s - 15. Suppose 22*d = 24*d + 14. Is j(d) a composite number?
True
Let q be 69 - 67 - (-3 - 2/(-2)). Suppose 32*g - 335 = -5*r + 27*g, 3*g = -q*r + 266. Is r prime?
False
Is (-28348437)/(-234) - (-9)/(-54) a composite number?
True
Suppose -6*v = -217 - 65. Suppose v*j - 669 = 44*j. Is j composite?
False
Let a = -33 + 33. Let s be (1 - 0)/((-2)/218 - a). Let f = 300 + s. Is f a prime number?
True
Let u = 8117 - 4238. Suppose 4*g - 4*t - 7656 = 0, 2*t - u = -2*g - 31. Suppose 5*d - 4052 - 5468 = -5*r, 4*d = r - g. Is r a composite number?
False
Suppose 5*r + 3*z = 2537, 3*r - 1503 = 5*z - 2*z. Let d = r - 468. Is d prime?
True
Let g(y) = 100*y**2 + 14*y - 43. Let q be g(13). Suppose 19453 + q = 12*j. Is j composite?
False
Suppose 103*a = 97*a + 22926. Suppose -2*w - 5*h + a = -888, 0 = 5*h - 25. Is w a composite number?
True
Let b be (3/4)/((-2)/(-19160)). Let v(y) = -26*y - 134. Let h be v(-6). Suppose -17*m - b = -h*m. Is m prime?
False
Suppose 6*r = 15*r + 36. Is r - -19108 - (1 - 0) prime?
False
Suppose 707*u = 702*u + 75. Suppose 19*x = u*x + 10996. Is x a composite number?
False
Let b(p) be the third derivative of -49*p**4/8 - 179*p**3/6 + 60*p**2. Is b(-26) a prime number?
True
Let v(c) = -1164*c + 3. Let d be v(-3). Let w(x) = 3*x**2 - 38*x - 10. Let f be w(13). Suppose -f*k + d + 588 = 0. Is k composite?
False
Let i(l) = l**3 - 20*l**2 + 21. Let j be i(20). Is (72/j + -4)/((-4)/31822) a prime number?
False
Is 1 + 23795 + (1 + -2)/((-3)/(-21)) a prime number?
True
Let m be (-9)/6 + 9/2. Suppose -3*o + 539 + 1333 = 0. Suppose -6*z + 7*z = 2*b - 425, 3*b - o = -m*z. Is b a prime number?
True
Let g(i) = 609*i**2 + 17*i + 53. Is g(-5) a prime number?
True
Is (-14 - 1246401/108)/(1/(-4)) a prime number?
True
Let j = 27225 + 3345. Suppose 3*t = 4*x - 27990, -2570 = 4*x + 2*t - j. Is x prime?
False
Let b = -47 + 51. Suppose f + 8036 - 2637 = 3*m, -2*m + 3590 = b*f. Is m a prime number?
False
Suppose 5*s - 14 = 2*k, k = -2*s + 4*s - 6. Let a(q) = -2566*q + 9. Is a(k) composite?
True
Is (-393406)/(-10) - (1001/35 + -29) a composite number?
False
Let b(t) = 137*t + 37. Let v be (1*1/(-4))/((-3)/132). Let n be b(v). Suppose 5*x = x - 5*c + n, -4*x + 4*c = -1508. Is x composite?
True
Suppose -159006 = -2*l + 3*m + 36582, 0 = -l + 2*m + 97792. Suppose -25616 = 8*k - l. Is k a prime number?
False
Let o(q) = 30634*q - 231. Is o(1) prime?
True
Suppose -s + d + 219837 = 0, 241*s = 237*s - 3*d + 879362. Is s composite?
False
Let d(b) = -19*b**2 + 64*b + 17. Let x(w) = 6*w**2 - 21*w - 6. Let m(y) = -4*d(y) - 11*x(y). Is m(25) composite?
False
Let w(o) be the third derivative of o**6/60 - o**5/30 + 4969*o**3/6 - 22*o**2 - 2. Is w(0) composite?
False
Let r(f) = -294*f - 65. Let x(i) = -2352*i - 519. Let p(w) = -33*r(w) + 4*x(w). Is p(7) composite?
True
Let a = 37043 + -23590. Is a composite?
True
Suppose 13*z - 1880 = 11731. Suppose -5*o = 2*s - z, 0*o + 4*o = 4*s + 860. Is o prime?
True
Let q = -57512 - -190401. Is q prime?
False
Suppose -k - 4 = -8. Suppose -5 = k*r - 25, -4*f + 3*r + 1465 = 0. Suppose 7178 = 8*w + f. Is w a composite number?
True
Let k(p) = p**3 + 16*p**2 - p + 10. Let f be -2 - (-1 - 1) - 9. Let t be 60/f*(-48)/(-20). Is k(t) a prime number?
False
Let q = 55 - 58. Let o be (-2)/4*(q*24)/3. Let y(u) = 13*u**2 - 25*u - 1. Is y(o) composite?
False
Let p be 14/(-21) + 85/15. Suppose -p*l + 17188 + 7422 = 5*w, l = -3*w + 4928. Is l composite?
False
Let v be ((-4)/6)/((-2)/(-24)*-2). Suppose n + 4620 = 3*p - v*n, -3*p + 4614 = -3*n. Is p a composite number?
True
Suppose 0 = 5*f - 3*o - 18055, f - 2*o + 5*o = 3629. Suppose 2*z + 5*c - 10567 = f, -4*z + 28392 = 4*c. Is z prime?
True
Let d(s) = 15*s**2 + 120*s - 449. Is d(-50) composite?
False
Let n = -413 - -413. Suppose -5*a - 3*v + 16997 = n, 0 = -0*a + 2*a - v - 6790. Is a a composite number?
True
Let x(v) = 2*v**3 - 49*v**2 + 42*v + 134. Is x(41) a composite number?
False
Let s be (-16)/(-48) + (-7864)/(-6). Suppose 4*z - s = -323. Is z prime?
False
Let s(l) = 7*l**3 + l**2 + 3*l + 1. Let r be s(2). Let i = r + -93. Is i*(-55)/15 - 3/9 a composite number?
True
Let k be 38/361 + (-226)/(-19). Is (-4)/(-2) + 14304/k + 5 composite?
True
Suppose 30*x - 6707 - 7663 = 0. Suppose 4*c = -p + x, -4*c + 4*p + 478 = 14. Is c composite?
True
Suppose 3*w + j + 21252168 = 0, -4*j - 9783051 + 2698995 = w. Is 2/18 + w/(-378) composite?
True
Suppose -3*b + 5*a + 8 = 0, 2 = -b + 4*a + 7. Is (-1*b)/((-8)/23528) a prime number?
False
Let b(z) = 218*z**2 + z + 1. Let m be b(-1). Let r = m + 320. Suppose 71 = 3*y - r. Is y prime?
False
Suppose -273*s + 275*s - 5*d - 728501 = 0, -d = -2*s + 728489. Is s composite?
True
Let t = -25 - -36. Suppose 18*c - 12*c = -t*c. Suppose -122 = -2*i + 5*z + 140, c = 4*z. Is i a composite number?
False
Suppose 0 = -i - 4*k + 459993, 4*k = 8*i - 7*i - 460033. Is i prime?
True
Let d(t) = t**3 - 2*t**2 + 6*t - 30. Let y be d(5). Is 38683/3 - 100/y a composite number?
False
Let p be (-9)/(-2)*5/(15/6). Suppose -4*z - p - 7 = 0. Let s(j) = -j**2 - 16*j - 2. Is s(z) prime?
False
Let f(i) = -i**3 - 4*i**2 + 8*i + 35. Let a be f(-4). Is -2*(-33)/(-44)*(-43742)/a a composite number?
False
Let s(r) = -862*r**3 - 38*r**2 - 4*r - 61. Is s(-7) a composite number?
True
Let h(g) be the third derivative of 179*g**4/24 + 11*g**3 - g**2 - 66. Is h(17) prime?
True
Suppose -t - 26 - 55 = 0. Let i = t - -735. Let x = i + 3857. Is x prime?
False
Suppose 148 = 6*w + 10. Suppose 21*u - w*u - 8 = 0. Is (2 - u/(-2)) + 1529 a composite number?
True
Suppose -2*t + 184 = 2*i, 5*t - 370 = -3*i - 98. Let q = -92 + i. Suppose -h - q*x = -195, -4*h - 6*x + x + 774 = 0. Is h composite?
False
Let b(r) = -203*r + 25. Let m(a) = 101*a - 12. Let d(l) = 6*b(l) + 13*m(l). Is d(5) a prime number?
False
Suppose -4*q - 3*h + 188891 = 0, -36273 = -q - 3*h + 10961. Is q a prime number?
False
Suppose 9 = -32*p + 29*p, 3*u - 2*p + 2598 = 0. Let s = u + 1537. Is s a composite number?
True
Suppose 527023 = 112*u - 105*u. Is u composite?
False
Suppose -2*n = -10*d + 7*d - 85030, -5*d - 141716 = -4*n. Is d/18*24/(-16) a prime number?
False
Suppose -13*y + 14 = -12. Suppose -2*h + 1998 = 4*b, -4*b + 0*b = -y*h - 2018. Is b a composite number?
True
Suppose 0 = -5*f - 2*h + 2087, 3*h + 2*h + 439 = f. Suppose -17*j + 18*j - f = 0. Is j composite?
False
Suppose 24*x - 322414 - 457243 + 87569 = 0. Is x a prime number?
True
Let l be (1 + -2)*(9 - 8). Is 212/1*l/((-8)/74) a prime number?
False
Let q be 2/6*(-27)/(-3). Let z be ((-278)/(-4))/(149/1490). Is (q + (0 - 2))*z a composite number?
True
Is ((-345)/90)/(9/(-245538)) a prime number?
False
Let c(p) = -24*p**3 + 10*p**2 - 13*p - 26. Is c(-9) a p